**3 - 2*g + o + g**2 + 2*g**3 - 9. What is x(d)?
3
Let g(b) = -b - 1. Let k(v) = v**3 + 4*v**2 - 7*v - 11. Let m(o) = 5*g(o) - k(o). What is m(-5)?
21
Let d = -1 - -3. Suppose -5*c + 5 = -3*w, w - 16 = -2*c - 3. Let m(q) = -c + 3 - 3 - q + d. Give m(-4).
2
Suppose -2 = 5*m - 4*p, -4*m + 5*p = -4 + 11. Let d(h) = -h - 5*h + 2 + 3*h - h**2 + m. Let c = -12 - -8. Determine d(c).
0
Let q be (24 - 14) + 3*-2. Let g(l) be the first derivative of 8*l - 7 + 3*l**2 + 5/3*l**3 - 1/4*l**q. Give g(6).
8
Let n(b) = b**3 + 3*b**2 + b. Let w be n(-2). Let k(f) = 1 - f**2 + 5*f - 2 + 0*f**w. Determine k(6).
-7
Let j(g) = 52*g - 51*g - 4 + 15. Determine j(0).
11
Suppose 2*c - 4*g - 32 = -0*g, -5*g = 4*c + 1. Suppose -c*m - k + 16 = -m, k + 5 = 2*m. Let s(n) = n. Let l(y) = -3*y. Let x(t) = 2*l(t) + 5*s(t). What is x(m)?
-3
Let d(p) = 20*p + 38. Let q(w) = -6*w + 2. Let x(f) = -d(f) - 3*q(f). Calculate x(-23).
2
Let o(u) = 677*u + 682*u - 10 + 677*u - 2030*u - u**2. Calculate o(6).
-10
Let r(p) = 21*p**3 + 44 - p**2 - 16*p**3 - p - 26*p**3 + 2*p**2 - 43. Give r(1).
-20
Let b(z) = -z**3 - 20*z**2 + 21*z + 2. Let a be b(-21). Let i(f) be the second derivative of f**4/12 - 2*f**3/3 - f**2/2 - 3*f. What is i(a)?
-5
Let t(i) be the first derivative of -5*i**2 + i - 15. Calculate t(1).
-9
Let o be 11/(-44) + 58/8. Let q be (1 + -6)*o/7. Let n(z) = -z**3 - 4*z**2 + 5*z + 1. What is n(q)?
1
Let h(i) = -i + 18. Suppose 0 = 55*y - 52*y - 33. What is h(y)?
7
Let c(k) = -3*k - 115. Let g = -1685 - -1645. Calculate c(g).
5
Let a(x) be the third derivative of x**5/60 + 11*x**4/24 + 5*x**3/3 + 32*x**2. Let j(c) = c**2 + 4*c - 14. Let b be j(-5). Calculate a(b).
-8
Suppose 6*m - 16 = -2*m. Let y(w) = 0 - 3 - w**2 - 2*w**m + 7*w**2 - w**3. Calculate y(4).
-3
Let n(u) = -u**3 - 7*u**2 + 5*u - 21. Let l be n(-8). Let d(y) = 3*y - 13. Determine d(l).
-4
Let p(q) = 1 + 4 + 2*q**2 - 3*q**2. Suppose -2*t + 19 = -3*s, t - s - 14 = -6. Give p(t).
-20
Let i(q) = -7*q**3 - q**2 + q. Suppose -f = 4*f - 115. Suppose -3*k = 4*h - f, 4*k + 5*h = k + 25. Suppose -2*s + 5*s - 1 = 2*w, -w - k*s + 6 = 0. Give i(w).
-7
Let n = -45 - -34. Let r(l) = l**2 - 5*l - 2. Let g(u) = -5*u**2 + 26*u + 9. Let y(s) = n*r(s) - 2*g(s). Suppose 0 = 4*h - h - 12. Calculate y(h).
0
Suppose -25 = -5*b + 15. Suppose 0*k - b = -4*k. Let g(o) = -3*o**2 + 0*o**k - o**2. Calculate g(-1).
-4
Let z(p) = 29 + 8 + 6*p - 33 - 3*p**2 + 0*p. Determine z(-4).
-68
Let h(c) = -14*c + 631. Let m be h(45). Let g(d) be the third derivative of -2*d**4/3 + d**3/6 + d**2. Give g(m).
-15
Let v = -18 - -13. Let q be (-17)/v + (-10)/25. Let a(l) = -l**2 - 7*l + q + 7*l + 0*l. Calculate a(3).
-6
Let i(n) = -n + 17. Let z(y) = -y**3 + 6*y**2 + 3*y - 11. Let r be z(6). Determine i(r).
10
Let y(h) = 25*h - 9*h - 17 - 12*h. What is y(6)?
7
Suppose 5*n = 11 + 54. Let l(h) = -5*h + 6*h + 2 + n + 0*h. Give l(-9).
6
Let o = 0 + -8. Let i(g) = -2*g - 9. Let l(n) = -3*n - 14. Let d(s) = -7*i(s) + 5*l(s). What is d(o)?
1
Let r be 3/(-5 + (-9)/((-270)/132)). Let w(f) = 5*f + 2. What is w(r)?
-23
Let r(d) be the third derivative of -d**4/6 + d**3/2 + 3*d**2. Suppose 0 = 4*h - 5*h - q + 6, h = -5*q + 22. Suppose -h*c + 6 = c. Determine r(c).
-5
Let v(h) = -16*h**3 - 28*h**2 - 11*h - 18. Let g(k) = -9*k**3 - 15*k**2 - 6*k - 9. Let f(b) = 7*g(b) - 4*v(b). Determine f(-7).
-5
Suppose -o - 2*c = -0*o - 20, 4*o - 3*c - 47 = 0. Let j = -9 + o. Let z(t) = -t**2 - 4*t + 0 - 5 + j + 6. Determine z(-6).
-6
Let w(q) be the second derivative of q**4/12 - q**3/6 - 7*q**2/2 - 227*q. Give w(5).
13
Let m(f) = 2*f + 7 - 9*f + f**2 + 10*f - 4. Let j be 8/6*(-15)/10. Calculate m(j).
1
Let s(i) = i - 20 - 22 - 8*i**2 + 44. What is s(2)?
-28
Let k = -47 - -52. Let r(t) = 3*t - 11. Let o(d) = 2*d + 14. Let h(a) = -a - 1. Let x(g) = -4*h(g) - o(g). Let y(s) = 3*r(s) - 4*x(s). Give y(k).
12
Let n(l) = l**2 - 11*l + 20. Suppose 9*p = 37 + 35. What is n(p)?
-4
Let x(k) = k**2 + 6*k + 5. Suppose -12 = 4*o - 4*b, 3*b = -o - 0*b + 9. Suppose 20 = 5*l - o*l. Suppose -z = -l + 9. Determine x(z).
0
Let b(w) = w + 13. Let j(x) = -3*x**3 + x**2 + 5*x + 1. Let k be j(-1). Calculate b(k).
13
Let w(k) = -k**3 - 7*k**2 + 4. Let p(l) = -7*l - 77. Let s be p(-10). What is w(s)?
4
Let t(z) be the second derivative of 12*z + z**3 - 5/12*z**4 - 1/20*z**5 + 0 + 0*z**2. Let m = -5 + -1. What is t(m)?
0
Let h(t) be the second derivative of -t**5/20 - 5*t**4/6 - t**3/6 - 21*t**2/2 - 11*t. Let o be h(-10). Let u(a) = a**3 + 12*a**2 + 10*a - 15. Calculate u(o).
-4
Let i = 74 - 89. Suppose -2 = 4*p - 3*p. Let n be (i/(-6))/(p/4). Let l(o) = -o**3 - 5*o**2 - 2*o - 3. Determine l(n).
7
Suppose -3*m - 4*z = -4 + 33, 5 = -z. Let a be (4 + m + 2)*1. Let f(o) = o**3 - 4*o**2 + 4*o - 3. Calculate f(a).
0
Let z be 8 - (-20)/((-180)/27). Let n = 13 - 9. Let u(j) = -2 - 2*j - n*j + 5*j. Calculate u(z).
-7
Let w(v) = 12*v**3 - 2*v + 2 + 3*v - 14*v**3 - 1 + 2*v**2. Calculate w(2).
-5
Let y(b) be the first derivative of 5 + 1/2*b**2 - 10*b. Let f = 15 + -7. What is y(f)?
-2
Let r(d) = -3*d**2 - 2*d + 1. Let c(j) = -3*j**2 - 2*j + 7. Let a(b) = 5*b**2 + 3*b - 10. Let w(l) = 5*a(l) + 7*c(l). Let t(y) = -5*r(y) - 4*w(y). Give t(3).
8
Let q(j) = 4*j - 1. Let m(d) = d. Let k(l) = -5*m(l) + 2*q(l). Suppose -7 = -v + 2*v - x, 4*x = v + 19. Calculate k(v).
-11
Let u = 8 + -6. Suppose -t = 5*z + 16, z + t = -2 - u. Let g(q) = q**2 + 4*q + 3. Determine g(z).
0
Let z(q) be the third derivative of q**6/120 + q**5/12 + q**4/4 + q**3 - 5*q**2. Let c = 56 - 60. What is z(c)?
-2
Let i = 19 - 17. Let p(r) = 6*r**i + 32*r - 1 - 17*r - 14*r. Let t(z) = z + 5. Let j be t(-4). Give p(j).
6
Suppose k + 5 = 5*q, 7*k = 4*k. Let g(a) = 4*a**2 + 4 - q - 15*a + 16*a - a**3. What is g(4)?
7
Let g(c) = -c - 1. Let a(r) = r**2 + 2. Let q(o) = -o. Let m be q(-1). Suppose 4*y + 3 = -m. Let z(j) = y*a(j) - 2*g(j). Calculate z(3).
-3
Suppose -4*f + f + k - 1 = 0, 5 = -5*f + k. Let u(x) = -x**2 + x. Let z(o) = 10*o**2 - 6*o - 2. Let w(b) = -6*u(b) - z(b). Determine w(f).
-14
Let g be (-70)/22 - (-6)/33. Let l(v) be the first derivative of -v**3/3 - v**2/2 - v - 16. Calculate l(g).
-7
Let f = -5 - -5. Let u(v) = -248 + 88 + 84 - v**2 + v + 82. Determine u(f).
6
Let z(p) = p**2 + 3*p + 2. Let r be 5/(-2)*(-60)/(-50). Let g(k) = -k**2 - 5*k - 12. Let j be g(r). Give z(j).
20
Let f = 0 - -4. Let z be (1 + f)*1 + -4. Let j(m) = -11*m**3 + 1. Calculate j(z).
-10
Let n(w) = w**2 + 7*w - 14. Suppose 250 - 313 = 7*z. Give n(z).
4
Suppose -2*u + 1440 = 7*u. Let l = 156 - u. Let m(q) = -q**3 - 5*q**2 - 2*q + 5. What is m(l)?
-3
Suppose -5*f - 5*a = -50, 8 - 12 = -a. Let s(k) = -4*k + 22. Calculate s(f).
-2
Let u(s) = s**2 - s + 2. Let n = -108 + 112. Suppose -17 = -5*g - j, 2*g + 0*j - 14 = 2*j. Suppose -3*x - 2*x + 3*q = -g, n*x - 4*q = 0. Give u(x).
4
Let f = 36 - 33. Suppose -a + 6*a - f*k = -40, -25 = -5*k. Let o(j) = -j - 5. Determine o(a).
0
Let s(b) be the third derivative of -b**5/60 - b**3/6 - b**2 - 19*b. Give s(0).
-1
Let o(k) = k**3 - 4*k**2 + 3*k + 4. Let q(z) = -3*z + 13 + z + 4*z. Let f be q(-14). Let p be (f/20)/((-3)/12). What is o(p)?
4
Let g(w) be the second derivative of w**4/12 + w**3/3 - 3*w**2/2 + 5*w. Let k(d) = -d**2 + 4*d + 4. Let q be k(4). Let r be (10/q)/((-5)/10). Calculate g(r).
12
Let p(o) = o - 8. Let r(n) be the first derivative of n**2/2 - 8*n + 11. Let w(x) = 4*p(x) - 5*r(x). Give w(0).
8
Suppose -40*b + 30*b = 280. Let t(o) = -o**2 - 26*o + 61. Give t(b).
5
Let h(z) = z**3 + 10*z**2 - z - 2. Let p be h(-10). Let g(d) be the third derivative of d**6/120 - 3*d**5/20 + 3*d**4/8 - 2*d**3/3 - 7*d**2. Give g(p).
4
Let s = -376 - -376. Let c(i) be the second derivative of -1/2*i**2 + s + 1/12*i**4 + 6*i - 2/3*i**3. Give c(5).
4
Let r be 5 + -2 + 1/(-1). Let z(w) = 8*w**2 - 6*w**2 + r*w + w. Give z(-3).
9
Let j(r) = r**3 + 6*r - r**2 + 9 - 9*r - 5*r**2. Suppose 0*k - 3*k - 7 = 5*l, 5*l = -k - 19. Give j(k).
-9
Suppose 0 = a + 5*f + 10, 4*a + 4*f - 32 = 8*f. Let k(b) = -9 - 4*b + 21*b**3 + a*b**2 - 4*b - 20*b**3. Calculate k(-6).
3
Let w(d) = d**2 - 6*d + 7. Suppose 3*s + 10 = 5*s. Let o be w(s). Let t(c) = -7*c + 3. Give t(o).
-11
Let l = 225 + -231. Let b(x) = 4*x + 12. Give b(l).
-12
Let g(l) be the first derivative of -l**